mon divisor of 23 and c?
23
Let n(c) = c**2 + 8*c + 9. Let r be n(-6). Let x be r/6 - 57/(-2). Calculate the highest common divisor of x and 42.
14
Let i(k) = 10 - 4*k + 5*k - 4*k. Let m(d) = d**3 + 2*d**2 - 7*d - 6. Let z be m(-4). Let p be i(z). Calculate the highest common divisor of p and 10.
10
Let n(r) = 3*r**2 - 6*r + 8. Let l be n(6). Calculate the greatest common factor of 10 and l.
10
Let a be 2*(-5)/(30/(-9)). Suppose 0 = -a*k - 3, 5*h - 91 = -4*k + 135. What is the highest common factor of 115 and h?
23
Let f = -2 + 6. Suppose 0*t = 4*t - 2*c - 12, -f*c + 16 = 0. What is the highest common divisor of t and 1?
1
Suppose 4*q - q + 29 = -5*h, 0 = 5*h + 4*q + 27. Let p = 11 - h. What is the highest common divisor of p and 9?
9
Suppose 0*f = f - 1, -3*q - 2 = -2*f. Suppose -5*r + 1 + 29 = q. Let x be (18/8)/((-6)/(-16)). What is the greatest common divisor of x and r?
6
Suppose 27 = -5*o + 87. Let k be 2/o + 236/24. Calculate the highest common divisor of 110 and k.
10
Let o(s) = 2*s + 1. Let d be o(2). Let q(u) = u**2 + 3*u + 2. Let p be q(4). Suppose -d*v + p = -0*v. What is the highest common divisor of v and 6?
6
Suppose k = 3*i - 29, -5*k + 42 = 3*i - i. Calculate the greatest common divisor of i and 88.
11
Let r(h) = -h**3 + 13*h**2 + 15*h - 10. Let v be r(14). Calculate the greatest common factor of v and 44.
4
Let f = -89 - -129. Suppose -m + f = -0*m. Calculate the highest common factor of m and 10.
10
Let f be 3/1 + -1*390/(-2). Calculate the highest common factor of f and 18.
18
Let w(k) = -k**2 + 8*k - 4. Let j be w(6). Calculate the greatest common divisor of j and 8.
8
Suppose 0 = -5*k + 145 + 110. Calculate the greatest common divisor of 34 and k.
17
Let i(a) = a**2 - a - 1. Let y be i(-1). Suppose 0*p - 3*p = -42. Suppose 2*n - p = 6. What is the greatest common divisor of y and n?
1
Suppose -3*w = 4*q - 139 - 86, q - 5*w = 85. Let v = -80 + 46. Let i = 58 + v. Calculate the highest common divisor of i and q.
12
Suppose 0 = 3*h - 2*g - 7, 0*g = -2*h - 4*g + 10. Suppose 115 + 305 = h*l. Calculate the highest common factor of 56 and l.
28
Let l = -68 - -45. Let h = -9 - l. Let a = 17 + 39. Calculate the highest common factor of h and a.
14
Suppose 14 = -4*q + 6*q. Let i(o) = 2*o**2 - 3*o - 4. Let h be i(4). Suppose -u + 2*t = -t - 4, 2*t = -2*u + h. What is the greatest common divisor of u and q?
7
Let v(b) = 2*b**2 - 4*b + 5. Let g be v(4). What is the highest common divisor of 7 and g?
7
Let y be (66/(-77))/(6/(-28)). Suppose -y*h - 120 = -8*h. What is the greatest common factor of 45 and h?
15
Let z = 89 - 63. Let t = 39 - z. Calculate the greatest common divisor of 26 and t.
13
Let q(n) = n**2 - 3. Let z be q(-3). Let g(p) = p**2 - 5*p + 5. Let v be g(z). What is the greatest common factor of 22 and v?
11
Suppose -5*z + 84 = -4*z. Calculate the greatest common divisor of z and 56.
28
Suppose -4*i = f - 4 - 17, -i + 2*f = 6. Calculate the greatest common divisor of i and 36.
4
Let r be 2*(0 + -1 + 3). What is the highest common divisor of 44 and r?
4
Let t be 7 - -3*1/3. Calculate the greatest common factor of t and 32.
8
Suppose -4*b + 18 = 2. Let o = -4 - -25. Let t = -13 + o. What is the highest common divisor of b and t?
4
Suppose 0 = -5*s - 3*k + 4, -k - 6 = s + 3*k. Suppose -2*p - 3*p + 3*l = -82, -4*l - 86 = -5*p. Calculate the greatest common divisor of p and s.
2
Let q be (27/5 + -3)/((-4)/(-240)). What is the highest common factor of q and 16?
16
Suppose l = -2*r + 4, -4*l = -2*l. Suppose 5*o - 7 = -17. Let b be o - 2/(-3)*6. Calculate the highest common divisor of r and b.
2
Let j be (-3)/(-9)*0 + 0 + 2. What is the highest common divisor of j and 2?
2
Suppose 3*g - 58 = -4*q + 159, -5*q + 365 = 5*g. What is the highest common divisor of 50 and g?
25
Suppose 2*c + 3*l - 27 = 0, 2*c - 62 = -0*l + 4*l. Calculate the greatest common factor of 14 and c.
7
Suppose 0 = 4*q + 3*u - 94, 3*u = -2*q + 2*u + 46. Let a = -13 + q. Calculate the highest common factor of a and 1.
1
Let j be ((-2)/(-2))/((-2)/(-36)). Let o(q) = q**3 - 4*q**2 + 2*q + 5. Let g be o(3). What is the highest common divisor of j and g?
2
Let r be ((-4)/3)/(24/(-108)). Calculate the greatest common factor of 162 and r.
6
Let v = -36 - -69. Let f = v + 27. Calculate the highest common factor of 20 and f.
20
Let q(h) = -h**2 - 8*h + 8. Suppose 5*d - 5*x + 35 = 0, 0*d = -d + 5*x - 3. Let i be q(d). What is the greatest common divisor of i and 72?
8
Suppose 4*o = k + 253, o = -0*o - 2*k + 52. Calculate the highest common divisor of 62 and o.
62
Suppose -4*i = -5*h + 64, -52 = -5*h + h + 3*i. Let t(j) = -j**2 + j. Let k be t(3). Let f = h + k. What is the highest common factor of f and 10?
10
Suppose 4*b - 47 - 153 = 0. Let l be b/5 + (1 - 0). Suppose 3*q - 32 = j, 0 = -q - 5*j + 11 + 5. What is the highest common divisor of l and q?
11
Suppose -4*v = -5*v + 20. Calculate the highest common divisor of v and 160.
20
Let r(v) = v**3 - 2*v**2 + 3*v - 2. Let c = -10 + 14. Let n be r(c). Calculate the greatest common divisor of 28 and n.
14
Let u be 33 - (3 - (-18)/(-3)). Suppose j = 5*j - u. What is the greatest common factor of j and 81?
9
Let u(n) = 2*n + 47. Let r be u(5). Calculate the greatest common divisor of 342 and r.
57
Let u(s) = 2 + 3*s + 2*s - s + 0*s. Let c be u(3). What is the highest common divisor of c and 98?
14
Suppose 10 + 15 = 5*x. Let v be (-25)/x*(-1 + -2). What is the highest common divisor of 6 and v?
3
Let d be ((-6)/4)/((-6)/28). Let z = d + 7. What is the highest common factor of 21 and z?
7
Let a = 1 + 7. What is the greatest common factor of 12 and a?
4
Let q = 234 - -21. Calculate the highest common divisor of 51 and q.
51
Suppose -5*y + 2*p - 254 = -1938, -y = -4*p - 344. Calculate the highest common factor of y and 48.
48
Let u(t) = -2*t + 4 - 4*t + 3*t - t + 11*t**2. Let r be u(5). Suppose -4*z = -r + 3. Calculate the highest common divisor of 8 and z.
8
Suppose -4 = -0*q + 2*q. Let h be (-86)/(1 + -1 + q). Suppose -1 - h = -4*z. What is the highest common factor of 99 and z?
11
Let d = 75 - 35. Calculate the highest common divisor of d and 5.
5
Let j be (-214)/(-14) - (-6)/(-21). Suppose 0 = -3*z + 5*w - 19, z = 3*z + 5*w - 4. Let k be z*(-5)/(j/63). Calculate the greatest common factor of k and 7.
7
Let g be 207/21*(0 + 7). What is the greatest common divisor of g and 46?
23
Let i = 55 - -1. Let s(l) = l**3 + 10*l**2 + l + 17. Let c be s(-10). Calculate the greatest common divisor of i and c.
7
Suppose 4 = -u - 4*m - 1, 5*u = -2*m + 11. Suppose -3*a - s = -6*s - 43, 5*s - 5 = -5*a. Calculate the highest common divisor of a and u.
3
Let d be ((-7)/(-2))/(12/72). Suppose 3*m - 12 = d. What is the highest common divisor of 55 and m?
11
Let f(d) = 11*d**2 + 2*d - 1. Let l be f(1). Calculate the highest common divisor of 30 and l.
6
Let b = 142 - 121. Calculate the greatest common factor of b and 9.
3
Let g = 17 + -16. Let i be 30/(g - (-5)/(-8)). What is the greatest common divisor of 10 and i?
10
Suppose 4*f = 89 + 51. Let u be (-37)/(-5) + (-14)/f. Let v be (2/5)/(2/70). Calculate the greatest common factor of u and v.
7
Let r(b) = -b**3 - 11*b**2 + 13*b + 17. Let j be r(-12). Suppose -40 + 314 = 2*o - f, -5*o - j*f = -655. Calculate the greatest common divisor of 54 and o.
27
Suppose -5*j + 377 = 2*y - 4*y, 73 = j + 2*y. What is the greatest common factor of j and 30?
15
Let j(b) = -b**2 - 6*b - 1. Let r be j(-5). Suppose -39 = -o - 3*s, r*o - 5*s - 81 = -2*s. What is the greatest common factor of 12 and o?
12
Let x(i) = i**2 + 2*i - 2. Let y be x(-3). Suppose 0*w + w - y = 0. Let m = 18 + -10. What is the greatest common factor of m and w?
1
Let o be -5*2/(20/(-6)). Suppose -4*l - 18 = -r, -3*r + o*l + 9 = -18. Suppose 3*a - r = -0. What is the highest common factor of 2 and a?
2
Let r = -5 + 9. What is the greatest common divisor of r and 4?
4
Suppose 0 = -2*w + 27 + 21. Suppose -8 = -v - 3. Suppose l + 2*l = -3*d + w, l - 26 = v*d. What is the highest common divisor of 77 and l?
11
Let f be ((-4)/7)/((-6)/147). Let m(b) = -b**2 + 7. Let s be m(0). What is the greatest common divisor of f and s?
7
Suppose -3*c = -3*g + 414, -3*g + 281 = -g - c. Let j be -6*2/12*-2. Let l be (-26)/(-16)*j*4. Calculate the greatest co